ivided by (1197/(-27))/((-3)/9)?
85
Suppose 25*g = 17*g + 5880. Suppose -4*y - g = -25*y. What is the remainder when 115 is divided by y?
10
Suppose -1740 = -5*l - 5*n, -7683*l + 7684*l = 2*n + 333. What is the remainder when l is divided by 15?
13
Suppose 2780 = 152*y - 5124. What is the remainder when 13411 is divided by y?
47
Let v = -45 + 97. Let j = -8606 + 8749. What is the remainder when j is divided by v?
39
Let j(g) = g**3 + 9*g**2 + 6*g + 8. Let m(b) be the first derivative of -b**3/3 - 10*b**2 + 9*b - 103. Calculate the remainder when m(-14) is divided by j(-8).
21
Let p(z) = -11*z**3 - 27*z**2 + 3. What is the remainder when 32259 is divided by p(-3)?
54
Suppose -5*o + 35 = 3*n, -5*n - 55 = -3*o - 0*o. Suppose -f + 2*d = d - 3, 0 = 2*f - d - o. Calculate the remainder when 19 is divided by f.
5
Suppose 4*w - 23 = -m + 67, 4*w - m - 86 = 0. Let d(l) = l**2 - 21*l - 32. Let i be d(w). What is the remainder when 14 is divided by (3/(-2) + 1)*i?
4
Let h(t) = -t**3 + 5*t**2 + 8*t + 1. Suppose 5*u - 43 - 2 = -5*d, 0 = 3*u - 4*d - 6. What is the remainder when 120 is divided by h(u)?
3
Suppose 345 = 3*m + 2*v - 175, 4*m - 688 = -4*v. What is the remainder when 5628 is divided by m?
172
Calculate the remainder when (-20 - (-25 - -8))*(-502)/3 is divided by 34.
26
Let o(q) = 29*q**2 - q. Let z be o(-1). Let v = -10 + z. Let b = -2059 + 2138. What is the remainder when b is divided by v?
19
Let o(z) = -5*z - 40. Let y(k) = -3*k**2 + 7*k - 8. Let i be y(3). Suppose -8*g + 4*g + 64 = 0. What is the remainder when o(i) is divided by g?
14
Let k = 10162 - 9955. Calculate the remainder when 14695 is divided by k.
205
Let d(t) = -4*t + 7 - 2*t - 4*t + 5*t**2 - 10*t - 2*t. Calculate the remainder when d(7) is divided by 10.
8
Suppose 5*n = -4*s + 3311, n - 8 = -5. What is the remainder when s is divided by 14?
12
Suppose 96*m + 108 = 100*m. Suppose -m = -5*t + 2*j, -4*j + 6 = 5*t - 3*t. Calculate the remainder when 29 is divided by t.
4
Suppose -518 = -6*l - l. Let g = l + -70. Suppose 70 = 4*i - 2*a + g*a, -55 = -3*i - a. Calculate the remainder when 57 is divided by i.
17
Let a = 4591 - 4230. What is the remainder when 722 is divided by a?
0
Suppose -4*y + 2*t = -370, 6*y - 4*y - 189 = 5*t. Suppose 0 = -87*g + y*g - 380. What is the remainder when g is divided by 40?
36
Suppose -4*g - 4901 = 9*g - 11336. What is the remainder when g is divided by 210?
75
Let t = 19674 - 19431. Calculate the remainder when 544 is divided by t.
58
Calculate the remainder when 122 is divided by -7*(-13)/(-91)*-16.
10
Let b = 2708 + -1866. Suppose -227 + b = 5*a. What is the remainder when a is divided by 33?
24
Let t(w) = w**3 + 7*w**2 - 2*w - 2. Let z be ((-472)/(-12))/((-4)/18) - -1. Let l = z - -179. What is the remainder when t(-7) is divided by l?
0
Let i(x) = 11*x**2 - 3. Let b be i(-3). What is the remainder when (-5*(-44)/(-20))/(2/(-8)) is divided by (2/(-4))/((-3)/b)?
12
Let q = 8198 + -7383. Calculate the remainder when q is divided by 4.
3
Suppose 2*z + 4*s - 184 = 0, -9*s + 256 = 3*z - 7*s. Suppose 0 = 60*x - z*x + 3476. Calculate the remainder when x is divided by 9.
5
Let g(j) = j**3 + 5*j**2 + 7*j + 7. Suppose -25*k = -22*k + 6. What is the remainder when -1 - 1/(2/(-22)) is divided by g(k)?
0
Let r(s) = -6*s + 20. Suppose -8*f + 25 = 1. Suppose -4*g = -4*t + 12, 0*t = -2*g - f*t + 19. Calculate the remainder when 16 is divided by r(g).
0
Suppose 0 = r + 12 - 15. Suppose 3*u = -u + 4*k + 12, u + 5 = r*k. What is the remainder when 32 is divided by u?
4
Let x(t) be the third derivative of t**6/120 - 3*t**5/20 - 7*t**4/8 + 25*t**3/6 + 62*t**2. Calculate the remainder when x(11) is divided by 7.
1
Let u(m) = 9*m - 6. Let r be u(4). Calculate the remainder when (99/(-12))/(r/(-400)) is divided by (6/4)/(6/56).
12
Let z(t) = 2*t**2 + 405*t + 12085. What is the remainder when 2736 is divided by z(-33)?
42
Let r be (-6 - -9)*(-10)/6. Calculate the remainder when 10/(-25) - 302/r - 0 is divided by 130/8 - (33/(-12) + 3).
12
Let f = 11438 - 11418. Calculate the remainder when 1/4 + 825/12 is divided by f.
9
Let q = -3404 - -3425. Calculate the remainder when 858 is divided by q.
18
Suppose -5*h - 2*l - 2*l = -16, 3*l + 11 = 2*h. Suppose -f = 3*p + 2*p - 4, 16 = -h*p. What is the remainder when 117 is divided by f?
21
Suppose -2*l + 515 = 3*l. Let m(s) = -3*s**2 - 7*s - 6. Let f be m(-3). Let n = l - f. Calculate the remainder when n is divided by 29.
28
Suppose -23863 - 7664 + 3487 = -20*g. Calculate the remainder when g is divided by 43.
26
Let b = 166 + -158. Suppose -b*x - 3*x + 682 = 0. Calculate the remainder when x is divided by 22.
18
Suppose 198*d - 98*d = 42*d + 986. Calculate the remainder when 2081 is divided by d.
7
Let r(x) = 7*x**2 - 165*x - 275. What is the remainder when r(27) is divided by 92?
5
Let b = -1629 - -1637. Suppose -c + 19 - 7 = -5*w, 2*c - 5*w = 14. What is the remainder when b is divided by c?
0
Let g(h) = h**3 - 25*h**2 + 140*h - 16. Calculate the remainder when 701 is divided by g(18).
229
Let v be ((-4)/5)/((-6)/15). Let h(t) = 34*t + 968. Let f be h(-28). Let r = f + v. What is the remainder when 66 is divided by r?
12
Let c = 2676 + -1582. Calculate the remainder when c is divided by 8.
6
Let y(s) = 6*s**2 - 84*s + 55. Calculate the remainder when 1019 is divided by y(15).
4
Suppose -21*o = 189*o - 761880. Calculate the remainder when o is divided by 5.
3
Suppose -12*v - 3083 = -827. Let n = v - -216. What is the remainder when n is divided by 3?
1
Let x(q) = -q**3 - 4*q**2 - 5*q - 2. Suppose -513 = 8*y - 777. Suppose -2*z = -3*z + y. What is the remainder when z is divided by x(-4)?
15
Suppose -2*h = 3*z - 836, 235 + 189 = h + 3*z. Let k(s) = s**3 - 24*s**2 + 4*s - 27. Calculate the remainder when h is divided by k(24).
67
Let a(j) be the second derivative of -j**4/6 + 4*j**3/3 - 2*j**2 + j. Let h be a(3). Suppose h*w = -4*w + 132. Calculate the remainder when 108 is divided by w.
20
Calculate the remainder when 962 is divided by ((-91)/(-14) + -7 - 0) + (-2292)/(-24).
12
Let b(c) = 2*c**2 + 44*c - 730. Calculate the remainder when 352 is divided by b(13).
172
Suppose 15436 - 22388 = -22*v. What is the remainder when v is divided by 23?
17
Let y = -101 + 99. Let d be (-266)/(-56) + y/(-8). Suppose -4*s + 95 = d*z - 488, -3*z + s + 360 = 0. Calculate the remainder when z is divided by 20.
19
Suppose -54*u + 929 = -50*u + 3*q, -3*u + 696 = 2*q. What is the remainder when u is divided by 77?
76
Let d = -3503 + 3643. Calculate the remainder when d is divided by 93.
47
What is the remainder when 95 is divided by (-31)/(620/(-1040)) - (-3)/(-6)*4?
45
Let p = 188 + -509. Let f = p + 363. What is the remainder when f is divided by 27?
15
Suppose 0 = 4*t + n - 23, 4*t - 145*n = -150*n + 19. What is the remainder when 70 is divided by t?
4
Suppose 3*w - 3 = 9, 4*w - 23 = -f. Let s = -12 + 6. Calculate the remainder when (-2)/(s - -4) + 24 is divided by f.
4
Suppose 481 = 7*i + 243. Suppose i = 18*v - 92. What is the remainder when 20 is divided by v?
6
Let w = -8131 - -8293. What is the remainder when 1778 is divided by w?
158
Suppose -80 = -h - 6*h - h. Let y = 4 - 3. Calculate the remainder when h is divided by y.
0
Let r be 2/8*-2 - 58/(-4). Let m be (-468)/(-21) - r/49. Suppose -17*l = -m*l + 75. Calculate the remainder when 58 is divided by l.
13
Calculate the remainder when (1 - (-180)/(-160))/((-1)/10424) is divided by 306.
79
Let b = -164 + 218. Suppose 0 = 3*f + 2*l - 5*l - b, 5*f - 2*l = 75. Calculate the remainder when 152 is divided by f.
9
Suppose 5*c + 4 = c. What is the remainder when (2*c)/(2/(-21)) is divided by ((-638)/(-145))/(3/(-60)*-8)?
10
Let x(r) = -r**3 - 33*r**2 - 34*r + 199. What is the remainder when x(-32) is divided by 138?
125
Let k = -1 - -3. Suppose 4*y = d + 29, 611*y - 3*d - 19 = 616*y. What is the remainder when y is divided by k?
0
Suppose 5*m + 5*y = 2*y + 75, 4*m - 60 = 2*y. What is the remainder when 74 is divided by (-1)/(-3) - (-10)/m - -21?
8
Let p = -107 - -146. Let k = 49 + -23. Suppose -5 + k = a. Calculate the remainder when p is divided by a.
18
Let t = -180 - -465. Let w = t + -228. Calculate the remainder when 170 is divided by w.
56
Let c(o) = 1551*o - 1830. What is the remainde